)/(-3) - (-4)/12.
21
Suppose 0*n = 3*n - 2*o - 11, -5 = -o. Suppose w = 3*w + 28. Calculate the remainder when 3/(-6)*4 - w is divided by n.
5
Suppose 225 - 1052 = -i + 5*y, 20 = -5*y. Calculate the remainder when i is divided by 198.
15
Let f be -21 + 3*(-4)/(-3) + -3. What is the remainder when 16 is divided by (9 - 5)/f - (-11)/5?
0
Let p(f) = -238*f + 1662. What is the remainder when p(5) is divided by 43?
42
Let w = -252 - -447. Suppose 29*o - 5*t = 33*o - w, 0 = 4*t + 4. Calculate the remainder when o is divided by 26.
24
Suppose -6*c + 7*c = 5*c. Suppose c = -5*p + 3*f + 46, -5*p - 17*f + 16*f = -58. What is the remainder when 139 is divided by p?
7
Let b be -1 - (-21)/6*18. Let u = b - -12. What is the remainder when u is divided by 13*21/91*152/12?
36
Suppose -12*s + 18 = -6*s. Suppose -3*p = -s, 5 = -h - 5*p + 30. Calculate the remainder when h is divided by 5.
0
Suppose 2*m - 2*q = 44, 2*m + 3*q - 56 = 2*q. Suppose 21*p - m*p + 755 = 0. What is the remainder when p is divided by 22?
19
Let h = 45 - 24. Let z(p) be the first derivative of -8*p**2 - 55*p + 86. What is the remainder when z(-6) is divided by h?
20
Let t = 2360 + -2202. What is the remainder when 6319 is divided by t?
157
What is the remainder when (65 - -2) + 1*-1 is divided by (-4)/((-235 - -233)/(1 - (-30)/2))?
2
Suppose 3405 = 13*g - 18*g - 5*b, 2744 = -4*g + b. Calculate the remainder when 215 is divided by (-10)/15 + (1 - g/15).
31
Suppose 3*h + h - 324 = -k, -4*k + h + 1228 = 0. Calculate the remainder when k is divided by 42.
14
Let d = 1 + 27. Let h = -82 - 313. Let o = -174 - h. What is the remainder when o is divided by d?
25
Let b(c) = c - 18. Let f be b(0). Let p(d) = 7*d - 32. Let x be p(10). Let g = x + f. Calculate the remainder when 38 is divided by g.
18
Suppose 2*u - m + 320 = -2*m, -u - 4*m = 174. Calculate the remainder when u/(-6) + (-19)/57 is divided by 2*(-3)/((-12)/14).
5
Let q = 2561 + -2547. Calculate the remainder when 937 is divided by q.
13
Let m = 312 - 200. Let z be 2446/14 + 32/m. Let q = -141 + z. Calculate the remainder when 129 is divided by q.
27
Let n = -45 + 43. Let l be (n*1 + 2)/((-8)/2). Suppose l = 5*k, 3*i - 18 = -2*k + 5*k. What is the remainder when 6 is divided by i?
0
Suppose -n = 3*d - 6*n - 27, 0 = 5*d - n - 23. Suppose -d*y - 408 = 4*y. Let k = 149 + y. What is the remainder when k is divided by 25?
23
Calculate the remainder when (3 - 69/24) + ((-3543)/(-8) - 1) is divided by 47.
19
Let t = 256 - 253. Suppose n = x - 542, t*n - 533 = -x + n. Calculate the remainder when x is divided by 27.
26
Suppose 2*v + 147 = 5*a, -3*a + 25*v - 21*v = -91. What is the remainder when 4695 is divided by a?
26
Let h be 23 - (16/10 - (-2)/5). Suppose g + 12 = h. Let z(i) = -i**2 + 11*i - 15. What is the remainder when 15 is divided by z(g)?
0
Suppose -86*w + 21*w + 89505 = 0. What is the remainder when w is divided by 82?
65
Let d = -1709 + 1721. Let y(v) = -8*v - 2. Let l be y(-1). Suppose l*f - f = 230. Calculate the remainder when f is divided by d.
10
Suppose 9*k = 5281 - 5308. Let i(t) = 2 + 0*t**3 - 2*t**2 + 5*t - 6*t**3 + 2. Calculate the remainder when i(k) is divided by 17.
14
Let j(c) = 2*c**2 - 14*c + 8. Let i be j(9). Let r = i + -24. Suppose 0*g + 525 = 5*g + 5*n, 5*n = r. What is the remainder when g is divided by 17?
16
Let l = 1394 - 955. Suppose -l + 47 = -8*u. Calculate the remainder when 25 is divided by ((1 + u)/(-5))/(-1).
5
Let p = 64 + -20. Let n = p + -29. What is the remainder when ((-65)/((-1560)/336))/((-1)/(-2)) is divided by n?
13
Suppose -c - 3*c = 5*g + 16, -2*c + g = 8. Let j be (348 + 0)*(-6)/(-9). Calculate the remainder when 83 is divided by (j/16)/((-2)/c).
25
Suppose -4*f = 71*k - 75*k + 80, 0 = 3*k + 2*f - 50. Let w(q) = -q**3 - 20*q**2 + 10. What is the remainder when k is divided by w(-20)?
8
Suppose -44*z + 187*z + 143520 - 533052 = 0. Calculate the remainder when z is divided by 25.
24
Let d be -133*(-2)/2 - 0. Let b = -56 + d. Let j(r) = -r**3 + 51*r**2 + 335*r + 425. Calculate the remainder when b is divided by j(57).
25
Suppose 4*a = -5*z + 844, -2*a - 360 = -2*z + 2*a. Suppose 2*w - 119 = -3*q, -4*q + 0*w + z = -4*w. What is the remainder when q is divided by 4 - (-33)/11*1?
6
Calculate the remainder when 134810/546 + (-16)/(-168) is divided by 150.
97
Let w be 4/64*20*6*40. Suppose -w*t - 322 = -302*t. What is the remainder when t is divided by 33?
29
Calculate the remainder when 50 is divided by ((1764/(-5))/12)/((-3)/5).
1
Let h be -3 - (-339)/9 - 2/3. Suppose h = z - 112. Suppose z + 38 = 4*d. What is the remainder when d is divided by 14?
4
Calculate the remainder when (-2)/(-6) - -202*329/21 is divided by 24.
21
Let w(y) = -6*y + 59. Let g be w(-9). Suppose 7*x = g - 15. Calculate the remainder when 40 is divided by x.
12
Let q = -107 + 94. Let z(s) = 6*s + 92. What is the remainder when 36 is divided by z(q)?
8
Let u(z) = -57*z + 59. Let r be u(-4). Calculate the remainder when r - 14 - (0 - 2) is divided by 69.
68
Suppose 17*f = -16*f + 27984. Let l = 870 - f. Calculate the remainder when 1164 is divided by l.
20
Let h(t) = 6*t - 46. Let l(x) = x + 13. Let q be l(-4). What is the remainder when 101 is divided by h(q)?
5
Let a = -165 - -665. Calculate the remainder when a is divided by 24.
20
Let v = 33508 + -33079. What is the remainder when v is divided by 230?
199
Suppose -2*y + c + 97 = 0, -y - 3*y + 200 = -4*c. Suppose -n + 15 + y = 0. Suppose 17*v = 100 + 172. What is the remainder when n is divided by v?
14
Suppose 0 = 5*a - 8*a + 69. Calculate the remainder when a is divided by ((-10)/9 - -7) + (-2)/(-18).
5
Suppose 0*z - 4*z + 2*n = -450, -3*z - n = -350. Let h = 142 + -103. What is the remainder when z is divided by h?
37
Suppose -15*p + 2951 + 2314 = 0. Calculate the remainder when p is divided by 1/((2*(-2 - -3))/142).
67
Suppose 0 = -2*g + 2*t + 480, 205*g + 960 = 209*g - 5*t. What is the remainder when 2392 is divided by g?
232
Suppose -48 - 186 = 3*b. Let u = -56 - b. Suppose -u = -2*q + 26. Calculate the remainder when 70 is divided by q.
22
Suppose 1029 = 21*i - 18*i. Suppose 8*t = 113 + i. Suppose x + 0*o + 2*o - t = 0, 2*x = 3*o + 107. What is the remainder when x is divided by 19?
17
Suppose 5*l + 4*s = 2*l + 50, l - 26 = s. What is the remainder when (627/l)/((-2 + 1)/(-2)) is divided by 7?
1
Let x(a) = -42*a + 1118. What is the remainder when x(12) is divided by 207?
200
Let z(k) = -3*k**3 - 196*k**2 + 90*k + 106. What is the remainder when z(-66) is divided by 64?
62
Let i(x) = 3*x**2 + 13*x - 12. Let s = -29 - -35. Let l be s/2 + (-9)/1. What is the remainder when 69 is divided by i(l)?
15
Let w = 62 + -37. Let g(h) = h**2 + 25*h - 84. Let d be g(-17). Let t = 227 + d. Calculate the remainder when w is divided by t.
4
Let b be 6/(-8) - ((-1310)/8 + -4). Let a = 213 - b. What is the remainder when 135 is divided by a?
43
Let n be ((-16)/(-2))/(99/(-25) - -4). Suppose n = 5*l + 25. Let f = -19 + l. Calculate the remainder when 45 is divided by f.
13
Suppose -5*q + q = k + 433, -2*q + 3*k - 213 = 0. Suppose -2*z = -5*z - y + 496, 2*z = -y + 331. Let l = q + z. Calculate the remainder when l is divided by 20.
17
Suppose -79*l - 180 = 3*o - 77*l, -7*o - 5*l - 418 = 0. Suppose 3*j = d + 3, d + 2*j = 2*d + 6. What is the remainder when 30 is divided by o/d*9/12*2?
6
Let g = 3284 + -1531. What is the remainder when g is divided by 19?
5
Let m be (-8)/(-36)*-3*-3. Suppose 14 = -m*c + 5*z, 12 = -c - 3*z + 27. What is the remainder when 114/4*4/c is divided by 13?
12
Suppose -23*w + 3964 + 3809 = -5958. Calculate the remainder when w is divided by 76.
65
Suppose -5 = -a - 1. Suppose -y = v + 8, -a*y - 4*v - 24 = -2*v. Calculate the remainder when 15 is divided by (22/y + -2)*24/(-18).
5
Suppose -4*m - 2415 = m - 26*m. What is the remainder when 961 is divided by m?
41
Let p(i) = i + 25. Let c be p(-7). Suppose k - 42 = c. Suppose 0 = 9*y - 4*y - k. What is the remainder when 22 is divided by y?
10
Suppose d - 5 = -f, 5*d + 2*f - 10 = -0*f. Calculate the remainder when d + 4/(-14) + (-73305)/(-567) is divided by 23.
14
Let i(n) = 32*n + 511. Calculate the remainder when i(-12) is divided by 34.
25
Suppose 214 = 4*j - d, 2*j - 2*d - 116 = -6*d. Let y = -51310 + 51330. 